e the prime factors of 55058?
2, 27529
List the prime factors of 29222.
2, 19, 769
List the prime factors of 34603.
34603
What are the prime factors of 97842?
2, 3, 23, 709
What are the prime factors of 954?
2, 3, 53
List the prime factors of 1906.
2, 953
List the prime factors of 87721.
87721
What are the prime factors of 1231?
1231
What are the prime factors of 101124?
2, 3, 53
List the prime factors of 17540.
2, 5, 877
What are the prime factors of 23524?
2, 5881
List the prime factors of 1988.
2, 7, 71
List the prime factors of 7785.
3, 5, 173
List the prime factors of 8824.
2, 1103
What are the prime factors of 3788?
2, 947
List the prime factors of 479.
479
List the prime factors of 28070.
2, 5, 7, 401
List the prime factors of 1352.
2, 13
What are the prime factors of 199?
199
List the prime factors of 3433.
3433
List the prime factors of 2385.
3, 5, 53
List the prime factors of 2538.
2, 3, 47
What are the prime factors of 7106?
2, 11, 17, 19
What are the prime factors of 416?
2, 13
List the prime factors of 7289.
37, 197
What are the prime factors of 346?
2, 173
List the prime factors of 1889.
1889
What are the prime factors of 15780?
2, 3, 5, 263
What are the prime factors of 6175?
5, 13, 19
What are the prime factors of 1842?
2, 3, 307
List the prime factors of 3951.
3, 439
List the prime factors of 677.
677
What are the prime factors of 6485?
5, 1297
What are the prime factors of 4864?
2, 19
What are the prime factors of 28335?
3, 5, 1889
What are the prime factors of 7365?
3, 5, 491
List the prime factors of 82506.
2, 3, 13751
What are the prime factors of 79767?
3, 8863
What are the prime factors of 876?
2, 3, 73
What are the prime factors of 61780?
2, 5, 3089
What are the prime factors of 155?
5, 31
List the prime factors of 42544.
2, 2659
What are the prime factors of 2731?
2731
What are the prime factors of 17762?
2, 83, 107
What are the prime factors of 79?
79
List the prime factors of 7128.
2, 3, 11
What are the prime factors of 2231?
23, 97
List the prime factors of 23023.
7, 11, 13, 23
List the prime factors of 9464.
2, 7, 13
What are the prime factors of 40972?
2, 10243
What are the prime factors of 4743?
3, 17, 31
List the prime factors of 17267.
31, 557
List the prime factors of 1805.
5, 19
List the prime factors of 15250.
2, 5, 61
What are the prime factors of 5317?
13, 409
List the prime factors of 1287.
3, 11, 13
List the prime factors of 2461.
23, 107
What are the prime factors of 20308?
2, 5077
What are the prime factors of 122867?
122867
What are the prime factors of 72?
2, 3
What are the prime factors of 1685?
5, 337
List the prime factors of 688.
2, 43
What are the prime factors of 4097?
17, 241
What are the prime factors of 2442?
2, 3, 11, 37
List the prime factors of 56401.
56401
List the prime factors of 853.
853
List the prime factors of 1154.
2, 577
What are the prime factors of 26?
2, 13
What are the prime factors of 7946?
2, 29, 137
List the prime factors of 1702.
2, 23, 37
What are the prime factors of 4451?
4451
List the prime factors of 91620.
2, 3, 5, 509
List the prime factors of 3241.
7, 463
What are the prime factors of 59716?
2, 14929
List the prime factors of 5961.
3, 1987
List the prime factors of 13913.
13913
List the prime factors of 17387.
17387
List the prime factors of 968.
2, 11
List the prime factors of 466.
2, 233
List the prime factors of 757.
757
What are the prime factors of 15260?
2, 5, 7, 109
List the prime factors of 1157.
13, 89
What are the prime factors of 4016?
2, 251
List the prime factors of 9996.
2, 3, 7, 17
What are the prime factors of 4885?
5, 977
List the prime factors of 119456.
2, 3733
What are the prime factors of 483?
3, 7, 23
What are the prime factors of 443?
443
List the prime factors of 21006.
2, 3, 389
List the prime factors of 1492.
2, 373
List the prime factors of 107715.
3, 5, 43, 167
List the prime factors of 1474.
2, 11, 67
What are the prime factors of 2895?
3, 5, 193
What are the prime factors of 5722?
2, 2861
List the prime factors of 427.
7, 61
List the prime factors of 1291.
1291
List the prime factors of 8439.
3, 29, 97
What are the prime factors of 37289?
7, 761
List the prime factors of 1388.
2, 347
List the prime factors of 11708.
2, 2927
What are the prime factors of 5753?
11, 523
List the prime factors of 32432.
2, 2027
List the prime factors of 1117.
1117
What are the prime factors of 432?
2, 3
List the prime factors of 3092.
2, 773
What are the prime factors of 1995?
3, 5, 7, 19
List the prime factors of 3949.
11, 359
List the prime factors of 62402.
2, 41, 761
List the prime factors of 15317.
17, 53
List the prime factors of 1171.
1171
List the prime factors of 9452.
2, 17, 139
List the prime factors of 9584.
2, 599
List the prime factors of 4730.
2, 5, 11, 43
List the prime factors of 41143.
41143
List the prime factors of 4569.
3, 1523
List the prime factors of 664.
2, 83
List the prime factors of 84394.
2, 42197
List the prime factors of 384.
2, 3
List the prime factors of 12955.
5, 2591
What are the prime factors of 21615?
3, 5, 11, 131
List the prime factors of 91795.
5, 11, 1669
What are the prime factors of 7082?
2, 3541
List the prime factors of 26200.
2, 5, 131
What are the prime factors of 2823?
3, 941
What are the prime factors of 1272?
2, 3, 53
What are the prime factors of 56425?
5, 37, 61
What are the prime factors of 102938?
2, 11, 4679
What are the prime factors of 13849?
11, 1259
List the prime factors of 118119.
3, 39373
What are the prime factors of 7698?
2, 3, 1283
What are the prime factors of 92993?
92993
List the prime factors of 3556.
2, 7, 127
What are the prime factors of 862?
2, 431
What are the prime factors of 3448?
2, 431
What are the prime factors of 379?
379
What are the prime factors of 4275?
3, 5, 19
What are the prime factors of 4970?
2, 5, 7, 71
List the prime factors of 4671.
3, 173
List the prime factors of 744.
2, 3, 31
List the prime factors of 30712.
2, 11, 349
List the prime factors of 5475.
3, 5, 73
List the prime factors of 50372.
2, 7, 257
What are the prime factors of 2998?
2, 1499
What are the prime factors of 741?
3, 13, 19
What are the prime factors of 2548?
2, 7, 13
List the prime factors of 5334.
2, 3, 7, 127
What are the prime factors of 405?
3, 5
List the prime factors of 326.
2, 163
What are the prime factors of 7122?
2, 3, 1187
What are the prime factors of 2943?
3, 109
List the prime factors of 1958.
2, 11, 89
What are the prime factors of 17979?
3, 13, 461
What are the prime factors of 1066?
2, 13, 41
What are the prime factors of 2198?
2, 7, 157
List the prime factors of 5662.
2, 19, 149
List the prime factors of 142.
2, 71
List the prime factors of 2660.
2, 5, 7, 19
What are the prime factors of 24?
2, 3
What are the prime factors of 70707?
3, 7, 13, 37
What are the prime factors of 666?
2, 3, 37
What are the prime factors of 911?
911
What are the prime factors of 30134?
2, 13, 19, 61
List the prime factors of 22593.
3, 17, 443
What are the prime factors of 2703?
3, 17, 53
What are the prime factors of 5243?
7, 107
What are the prime factors of 5273?
5273
What are the prime factors of 291?
3, 97
What are the prime factors of 935?
5, 11, 17
List the prime factors of 32767.
7, 31, 151
List the prime factors of 8869.
7, 181
List the prime factors of 90185.
5, 17, 1061
List the prime factors of 10502.
2, 59, 89
What are the prime factors of 73920?
2, 3, 5, 7, 11
List the prime factors of 8434.
2, 4217
What are the prime factors of 1220?
2, 5, 61
List the prime factors of 21296.
2, 11
What are the prime factors of 21789?
3, 269
List the prime factors of 72211.
72211
List the prime factors of 2110.
2, 5, 211
List the prime factors of 5472.
2, 3, 19
What are the prime factors of 66695?
5, 13339
List the prime factors of 750.
2, 3, 5
What are the prime factors of 2062?
2, 1031
List the prime factors of 10745.
5, 7, 307
What are the prime factors of 28030?
2, 5, 2803
What are the prime factors of 93762?
2, 3, 5209
List the prime factors of 328.
2, 41
What are the prime factors of 60619?
13, 4663
List the prime factors of 1934.
2, 967
What are the prime factors of 17135?
5, 23, 149
What are the prime factors of 6144?
2, 3
What are the prime factors of 81358?
2, 19, 2141
List the prime factor